nds digit of 42477271?
7
What is the hundred thousands digit of 10062409?
0
What is the hundreds digit of 299736?
7
What is the ten thousands digit of 9412861?
1
What is the hundred thousands digit of 1718592?
7
What is the ten thousands digit of 198977?
9
What is the ten thousands digit of 6908733?
0
What is the ten thousands digit of 5185915?
8
What is the units digit of 185207?
7
What is the tens digit of 1641883?
8
What is the tens digit of 3714?
1
What is the units digit of 1164321?
1
What is the hundred thousands digit of 955180?
9
What is the hundreds digit of 19294051?
0
What is the tens digit of 200350?
5
What is the millions digit of 18216840?
8
What is the millions digit of 1905005?
1
What is the units digit of 82949?
9
What is the tens digit of 117877?
7
What is the ten thousands digit of 29712?
2
What is the millions digit of 1821371?
1
What is the units digit of 3289058?
8
What is the ten thousands digit of 915688?
1
What is the thousands digit of 1325039?
5
What is the hundreds digit of 10456437?
4
What is the thousands digit of 1398461?
8
What is the hundreds digit of 63604?
6
What is the hundred thousands digit of 2374175?
3
What is the thousands digit of 707206?
7
What is the units digit of 4628378?
8
What is the tens digit of 1615523?
2
What is the ten thousands digit of 3468552?
6
What is the tens digit of 6208292?
9
What is the ten thousands digit of 648635?
4
What is the ten millions digit of 10612385?
1
What is the hundreds digit of 20913319?
3
What is the millions digit of 23748598?
3
What is the hundred thousands digit of 542290?
5
What is the thousands digit of 1986508?
6
What is the hundreds digit of 8546937?
9
What is the millions digit of 9627886?
9
What is the thousands digit of 40239?
0
What is the units digit of 114408?
8
What is the units digit of 852667?
7
What is the ten millions digit of 37977715?
3
What is the hundreds digit of 9073852?
8
What is the hundreds digit of 544465?
4
What is the hundreds digit of 12049914?
9
What is the ten thousands digit of 2511799?
1
What is the thousands digit of 4342141?
2
What is the ten thousands digit of 4175442?
7
What is the units digit of 23504255?
5
What is the thousands digit of 782874?
2
What is the units digit of 377161?
1
What is the hundreds digit of 822377?
3
What is the units digit of 5490668?
8
What is the millions digit of 3852517?
3
What is the ten thousands digit of 13850102?
5
What is the hundreds digit of 67776?
7
What is the thousands digit of 488836?
8
What is the tens digit of 4693265?
6
What is the tens digit of 204798?
9
What is the units digit of 266177?
7
What is the ten millions digit of 22986784?
2
What is the thousands digit of 323548?
3
What is the tens digit of 20406696?
9
What is the hundred thousands digit of 142224?
1
What is the thousands digit of 233604?
3
What is the hundred thousands digit of 178862?
1
What is the ten thousands digit of 234090?
3
What is the tens digit of 58405?
0
What is the thousands digit of 4018564?
8
What is the hundred thousands digit of 686689?
6
What is the ten thousands digit of 3098301?
9
What is the ten thousands digit of 276682?
7
What is the thousands digit of 967381?
7
What is the hundred thousands digit of 179279?
1
What is the thousands digit of 481072?
1
What is the thousands digit of 863755?
3
What is the ten thousands digit of 34747?
3
What is the tens digit of 6891651?
5
What is the units digit of 191498?
8
What is the units digit of 56752?
2
What is the tens digit of 179640?
4
What is the units digit of 9982048?
8
What is the units digit of 9317279?
9
What is the hundreds digit of 108265?
2
What is the thousands digit of 25890?
5
What is the hundred thousands digit of 3660142?
6
What is the ten thousands digit of 160267?
6
What is the millions digit of 2173185?
2
What is the hundred thousands digit of 15162158?
1
What is the ten thousands digit of 13923030?
2
What is the hundred thousands digit of 759773?
7
What is the ten millions digit of 43989895?
4
What is the hundreds digit of 913666?
6
What is the hundreds digit of 44196?
1
What is the hundreds digit of 198982?
9
What is the ten thousands digit of 4511788?
1
What is the tens digit of 1051127?
2
What is the tens digit of 2237581?
8
What is the thousands digit of 29558?
9
What is the ten thousands digit of 566081?
6
What is the units digit of 1386137?
7
What is the hundreds digit of 553215?
2
What is the tens digit of 337401?
0
What is the ten thousands digit of 10260049?
6
What is the tens digit of 11428055?
5
What is the thousands digit of 1354022?
4
What is the millions digit of 7561041?
7
What is the millions digit of 2640129?
2
What is the ten thousands digit of 6766363?
6
What is the hundred thousands digit of 500763?
5
What is the thousands digit of 3257960?
7
What is the hundred thousands digit of 985292?
9
What is the ten thousands digit of 766507?
6
What is the units digit of 5471711?
1
What is the thousands digit of 5270462?
0
What is the ten thousands digit of 499905?
9
What is the ten thousands digit of 67052?
6
What is the tens digit of 10486169?
6
What is the units digit of 24691639?
9
What is the units digit of 222385?
5
What is the ten thousands digit of 381507?
8
What is the hundred thousands digit of 3966043?
9
What is the hundred thousands digit of 120224?
1
What is the ten millions digit of 17798425?
1
What is the tens digit of 2609943?
4
What is the units digit of 320755?
5
What is the millions digit of 2469752?
2
What is the thousands digit of 381896?
1
What is the hundreds digit of 933289?
2
What is the ten thousands digit of 15153?
1
What is the units digit of 337902?
2
What is the hundreds digit of 856578?
5
What is the tens digit of 11448672?
7
What is the tens digit of 1782416?
1
What is the units digit of 34992120?
0
What is the hundred thousands digit of 1729177?
7
What is the tens digit of 5758816?
1
What is the hundred thousands digit of 1058638?
0
What is the thousands digit of 655760?
5
What is the ten millions digit of 25384927?
2
What is the hundreds digit of 5842355?
3
What is the tens digit of 166460?
6
What is the thousands digit of 1615872?
5
What is the ten thousands digit of 2876471?
7
What is the ten thousands digit of 6028739?
2
What is the units digit of 14472691?
1
What is the tens digit of 1236087?
8
What is the hundreds digit of 51057?
0
What is the ten thousands digit of 214268?
1
What is the hundreds digit of 3396043?
0
What is the units digit of 239589?
9
What is the units digit of 73434?
4
What is the hundred thousands digit of 207735?
2
What is the ten thousands digit of 8027421?
2
What is the ten thousands digit of 8638152?
3
What is the thousands digit of 5667442?
7
What is the hundreds digit of 72269?
2
What is the units digit of 1212375?
5
What is the units digit of 13334686?
6
What is the units digit of 4560716?
6
What is the units digit of 17001697?
7
What is the hundreds digit of 14129679?
6
What is the hundred thousands digit of 10167871?
1
What is the hundreds digit of 5794443?
4
What is the units digit of 5814624?
4
What is the units digit of 15653854?
4
What is the thousands digit of 262533?
2
What is the hundred thousands digit of 503874?
5
What is the millions digit of 19908336?
9
What is the units digit of 330478?
8
What is the units digit of 15826720?
0
What is the tens digit of 248522?
2
What is the tens digit of 531027?
2
What is the thousands digit of 617421?
7
What is the units digit of 137533?
3
What is the millions digit of 29756802?
9
What is the millions digit of 1275987?
1
What is the ten millions digit of 19491074?
1
What is the thousands digit of 1089257?
9
What is the thousands digit of 2780693?
0
What is the ten thousands digit of 340687?
4
What is the tens digit of 63107?
0
What is the ten thousands digit of 300106?
0
What is the tens digit of 1132780?
8
What is the hundred thousands digit of 199488?
1
What is the thousands digit of 525483?
5
What is the ten thousands digit of 1476937?
7
What is the ten millions digit of 21631356?
2
What is the ten thousands digit of 101084?
0
What is the tens digit of 245450?
5
What is the ten thousands digit of 1242740?
4
What is the hundreds digit of 19165461?
4
What is the hundred thousands digit of 3873423?
8
What is the 